greatest common divisor of 54 and s?
6
Suppose -9*o = -10*o + 33. Calculate the greatest common factor of 22 and o.
11
Suppose 0 = -2*w - 7 + 27. Calculate the greatest common factor of 10 and w.
10
Let c(j) = -9*j - 4. Let a be c(-4). Suppose -4*q = -2*q - a. Calculate the greatest common factor of q and 64.
16
Let o = 9 - 7. Suppose 0 = -n + 3*n - 180. Suppose 4*z - 5*v = 98, -4*z + n = -3*v - 4. What is the greatest common divisor of z and o?
2
Suppose -3*w - 5 - 6 = -s, -13 = -3*s + 4*w. Let t be s/(-4) - (-299)/52. What is the greatest common factor of t and 30?
6
Let r = -30 - -33. Calculate the greatest common factor of 1 and r.
1
Suppose -a - 5 + 11 = 4*w, 4*a + 2*w = 38. Calculate the greatest common divisor of 40 and a.
10
Let r(x) = x**2 + x - 2. Let d be r(-4). Let q(t) = -t**2 + 9*t + 20. Let a be q(10). Calculate the greatest common factor of a and d.
10
Suppose 15 = 4*v + 1039. Let j = v - -410. Let b = -5 + 19. Calculate the highest common factor of j and b.
14
Suppose -3*s + 4*s - 2 = 0. Suppose -4*x = -3*x - s. What is the highest common divisor of 10 and x?
2
Let z be (0 + -9)*4/(-6). Let p be ((-4)/z)/((-3)/36). Let a be 62/p - 1/(-4). What is the greatest common factor of 8 and a?
8
Suppose 0 = -5*a + s + 102, 2*a + 0*a - 45 = -s. Suppose -137 = -2*l + 73. Calculate the highest common divisor of a and l.
21
Suppose 3*i = 4*i - 3. Suppose -2*c + 30 = i*c. Suppose -x = -2*z - 18, 0 = 2*x + z - 41 + 5. Calculate the greatest common factor of c and x.
6
Let u(s) = 6*s - 8. Let p be u(16). Calculate the highest common divisor of 11 and p.
11
Let u(v) = 3*v**3 + v**2 - 7*v + 3. Let n = 6 + -3. Let s be u(n). What is the highest common factor of s and 8?
8
Let i = -16 + 25. Let c be -33*(0 + (-3)/i). Suppose c = -0*k + k. What is the highest common factor of k and 55?
11
Let n(t) = -t**3 - 7*t**2 - 13*t - 9. Let v be n(-5). What is the greatest common divisor of v and 78?
6
Suppose 38 = 3*z - 4*n, 2*n + 33 = 3*z + 5. Suppose -2*x = 4*r - 48, r = -x - 3*x + 12. What is the greatest common divisor of r and z?
6
Let x be (4/7)/(7*(-8)/(-196)). What is the greatest common factor of x and 2?
2
Suppose -16 = b - 4*c, 0 = 4*b - 0*c - 3*c + 12. Suppose b*u - u = 25. Let m be (44/5)/((-10)/u). What is the highest common divisor of 242 and m?
22
Let j = -11 - 19. Let q = j + 43. What is the greatest common divisor of 26 and q?
13
Suppose -v + 3*j = j - 100, -5*v - j + 478 = 0. What is the greatest common divisor of 24 and v?
24
Suppose -c = 4*v - 28, 6*c - 2*c = -3*v + 21. Calculate the highest common factor of 14 and v.
7
Suppose 2*u = u + 13. Let r be (14/(-3))/(2/(-39)). Calculate the greatest common divisor of r and u.
13
Suppose 0*n + n = 5. Suppose -2*d + 15 = n*i, -3*i + 7*d = 3*d + 17. What is the greatest common divisor of i and 4?
1
Suppose -3*y = -2*y + 12. Let j = -7 - y. What is the greatest common divisor of 20 and j?
5
Let l = 1 - 14. Let t = l + 19. Calculate the greatest common divisor of 6 and t.
6
Suppose -2*d - 31 = -73. Suppose -2*t - t + 9 = 0. What is the greatest common divisor of t and d?
3
Let k = -1 + 27. Calculate the highest common factor of 78 and k.
26
Let f be ((-120)/9)/5*-6. Suppose 0*l + 4*m + 7 = 3*l, f = 4*l - 4*m. Suppose -5*s = -4*s - 36. What is the highest common factor of l and s?
9
Let s(l) = -l**3 + 22*l + 8. Let i be s(-5). What is the highest common factor of 184 and i?
23
Let h = -33 + 42. Calculate the highest common divisor of h and 99.
9
Suppose 2*x - 2*m + 29 - 123 = 0, 0 = -2*m - 10. Suppose y - x = -2*y. What is the highest common factor of 7 and y?
7
Suppose 2*a - 3*a = -11. Let d = 45 - a. Let j(l) = -16*l**3 - l**2 - 4*l - 2. Let g be j(-1). What is the highest common factor of d and g?
17
Let g(m) = 24*m**2 + m + 1. Let d be g(-1). Calculate the highest common factor of d and 6.
6
Let a(w) = 3*w**2 - 4. Let t be a(-4). Suppose 5*n - t = 196. Calculate the greatest common divisor of n and 16.
16
Suppose 0 = 2*l + 6 + 4, -5*l = -5*q + 50. Suppose q*i = 6*i - 7. Let v be -3*i*(-1)/3. Calculate the greatest common factor of v and 77.
7
Suppose 7 = -4*o + 5*o + 5*s, -o + 12 = 4*s. Let y be (2*-5)/(3/(-24)). What is the highest common factor of o and y?
16
Suppose -s - 2*z = -14 - 1, s - 25 = -4*z. Suppose 2*x - s*w + 14 - 193 = 0, 0 = -5*w + 5. What is the greatest common divisor of x and 23?
23
Let k be -1*(4/6 + 64/(-6)). Calculate the highest common divisor of 5 and k.
5
Let a = 7 - 4. Suppose 4*p - 1 = m - 16, a*m - 13 = 4*p. Let n be (-35)/p - 3/(-12). What is the highest common factor of 6 and n?
3
Let d(z) be the first derivative of -13*z**2 + 10*z - 2. Let x be d(-5). Calculate the greatest common factor of x and 28.
28
Let k be (-3)/((-4)/(24/9)). Calculate the greatest common factor of k and 16.
2
Let g = 63 - 50. What is the greatest common divisor of g and 91?
13
Let c(k) = 32*k - 16. Let n be c(5). Calculate the greatest common divisor of n and 18.
18
Let b be -1*((0 - -1) + -40). Suppose -5*h + 3*i + i = -65, 4*i + 52 = 4*h. What is the highest common factor of h and b?
13
Suppose 0 = -10*m - 0*m + 40. Let a = -21 + 29. What is the greatest common divisor of a and m?
4
Suppose 0 = -2*j - 6, -4*i - 4*j + 9 + 51 = 0. Let n(x) = -x**2 + 4*x - 2. Let l be n(4). Let c be 7 - (l*1)/1. What is the highest common divisor of i and c?
9
Let y be (-1 + -1)*1 + 1. Let u = y + 1. Suppose -n = -u*n + 5, -2*i = -3*n - 39. What is the highest common factor of i and 48?
12
Suppose 10*z = 6*z. Suppose 2*l + a = -z*l + 85, 5*l - a - 209 = 0. Calculate the highest common factor of l and 105.
21
Let l = 5 - -1. Let q = 28 - l. Calculate the greatest common divisor of 154 and q.
22
Suppose 0 = p + p + 20. Let f = p - -15. Calculate the highest common factor of 35 and f.
5
Let h = -8 - -16. Let j(n) = 8*n + 8. Let t be j(8). Calculate the greatest common factor of t and h.
8
Let t(v) = v**3 + v**2 - 5*v + 3. Let b be t(3). Calculate the greatest common factor of b and 16.
8
Let s = 3 + 1. Let c be s + -2 - (-3 - -2). Let i be c/6*(1 + 1). Calculate the highest common divisor of 9 and i.
1
Let m = -6 - -8. Let g = 8 + -4. Calculate the greatest common factor of g and m.
2
Suppose 0 = 10*v - 4*v - 384. What is the greatest common divisor of v and 16?
16
Suppose 0*t = -5*t + 65. Suppose -3*c + 2*s - 9 = -38, -s = c - t. What is the highest common divisor of 88 and c?
11
Let p be (155/20)/((-2)/(-8)). Calculate the greatest common factor of 217 and p.
31
Let f(k) = 3*k + 2 + 1 - 2 - k. Let q be f(4). Let w = 46 - 19. What is the greatest common factor of w and q?
9
Suppose -2*t + 8 - 2 = 0. Let h be 104/12 - 2/t. What is the greatest common factor of h and 16?
8
Suppose 122 = 5*d - 463. Let y(t) = -t - 8. Let r be y(-10). Suppose n = -3*g + 37, r*g - 4*n - 32 = -n. Calculate the highest common divisor of d and g.
13
Let l = -27 - -38. Let y = 17 + 16. Calculate the greatest common factor of l and y.
11
Let i be (1 + -2)/(5/(-15)). Calculate the greatest common factor of i and 6.
3
Suppose 3*j - 70 = -2*j. Let x(i) = 24*i**3 + 2*i**2 - 4*i + 2. Let n be x(2). Let a be n/7 + 6/21. What is the greatest common factor of a and j?
14
Let v(a) = 2*a**2 + 9*a + 24. Let y be v(-4). Calculate the greatest common factor of 4 and y.
4
Let p(s) = -s**2 + 7*s - 1. Let a be p(7). Let g be (-1*(2 + 7))/a. Suppose t - 1 - g = 0. Calculate the highest common factor of t and 30.
10
Let p = -13 - -44. Let d = p + -12. Calculate the highest common divisor of 95 and d.
19
Suppose -41 = -5*y - 4*x, 3*x - x = -5*y + 33. Suppose -3*f = y*a - 54, -a = -0*a. Calculate the highest common factor of 6 and f.
6
Suppose 4*l = -690 - 762. Let f be 0 - l/6*2. Calculate the highest common divisor of 11 and f.
11
Let w = -4 - -5. Let c be w/2*(15 + -1). Suppose -2 = 5*o - c, k = -2*o + 6. Calculate the highest common divisor of k and 4.
4
Let g(z) = z**3 - 4*z**2 + 5*z - 5. Let d be g(4). What is the highest common factor of 45 and d?
15
Let m = -3 - -5. Suppose -3*y = 2*y - 10. What is the greatest common factor of m and y?
2
Suppose 5*s = 49 + 91. Calculate the highest common factor of s and 196.
28
Let g(v) = 15*v - 15. Let a be g(13). Suppose -i - i = -40. What is the highest common divisor of a and i?
20
Let p = -118 + 270. Ca